{"id":26,"date":"2013-09-23T10:08:19","date_gmt":"2013-09-23T10:08:19","guid":{"rendered":"http:\/\/akkeconomy.cz\/?page_id=26"},"modified":"2026-03-31T18:48:21","modified_gmt":"2026-03-31T18:48:21","slug":"vzdelavani","status":"publish","type":"page","link":"https:\/\/akkeconomy.cz\/?page_id=26","title":{"rendered":"Vzd\u011bl\u00e1v\u00e1n\u00ed"},"content":{"rendered":"<p style=\"text-align: justify;\">Po\u0159\u00e1d\u00e1me a organizujeme odborn\u00e9 semin\u00e1\u0159e, kurzy a \u0161kolen\u00ed se zam\u011b\u0159en\u00edm na ve\u0159ejn\u00fd sektor (obce, m\u011bsta a p\u0159\u00edsp\u011bvkov\u00e9 organizace).<\/p>\n<p style=\"text-align: justify;\">Spole\u010dnost AKK economy s.r.o. je akreditovan\u00e1 instituce Ministerstvem vnitra \u010cR<br \/>\npod \u010d\u00edslem akreditace AK\/I-23\/2021.<\/p>\n<div style=\"text-align: justify;\">Semin\u00e1\u0159e po dohod\u011b po\u0159\u00e1d\u00e1me tak\u00e9 p\u0159\u00edmo u V\u00e1s!\u00a0 Odpadaj\u00ed tak n\u00e1klady na dopravu<br \/>\na u\u0161et\u0159\u00edte V\u00e1\u0161 \u010das! \u010casov\u011b jsou p\u0159izp\u016fsobov\u00e1ny Va\u0161im mo\u017enostem.<\/div>\n<p style=\"text-align: justify;\">Semin\u00e1\u0159e jsou zam\u011b\u0159eny prakticky. Nejedn\u00e1 se tedy o klasick\u00e1 \u0161kolen\u00ed, odkud si odn\u00e1\u0161\u00edte jen pouh\u00e9 stroh\u00e9 informace, ale o praktickou pom\u016fcku pro V\u00e1\u0161 ka\u017edodenn\u00ed pracovn\u00ed \u017eivot. P\u0159i semin\u00e1\u0159\u00edch je tak\u00e9 maxim\u00e1ln\u011b podporov\u00e1na diskuze a lektor se tak z\u00a0pouh\u00e9ho p\u0159edn\u00e1\u0161ej\u00edc\u00edho st\u00e1v\u00e1 moder\u00e1torem diskuze s\u00a0maxim\u00e1ln\u00edm zapojen\u00edm sv\u00fdch znalost\u00ed.<\/p>\n<p style=\"text-align: justify;\">Pro lektorskou \u010dinnost vyb\u00edr\u00e1me p\u0159edev\u0161\u00edm odborn\u00edky z\u00a0praxe se siln\u00fdmi teoretick\u00fdmi znalostmi.<\/p>\n<p style=\"text-align: justify;\">Nena\u0161li jste V\u00e1mi po\u017eadovan\u00fd semin\u00e1\u0159 v na\u0161\u00ed nab\u00eddce? To neznamen\u00e1, \u017ee V\u00e1m jej nem\u016f\u017eeme poskytnout sami \u010di pomoci zajistit prost\u0159ednictv\u00edm na\u0161ich partner\u016f. P\u0159\u00edpadn\u011b chcete uspo\u0159\u00e1dat semin\u00e1\u0159 ve Va\u0161em m\u011bst\u011b \u010di obci? Napi\u0161te n\u00e1m a v\u0161e ostatn\u00ed ji\u017e za\u0159\u00edd\u00edme my:\u00a0<a href=\"mailto:info@akkeconomy.cz\">info@akkeconomy.cz<\/a><\/p>\n","protected":false},"excerpt":{"rendered":"<p>Po\u0159\u00e1d\u00e1me a organizujeme odborn\u00e9 semin\u00e1\u0159e, kurzy a \u0161kolen\u00ed se zam\u011b\u0159en\u00edm na ve\u0159ejn\u00fd sektor (obce, m\u011bsta a p\u0159\u00edsp\u011bvkov\u00e9 organizace). Spole\u010dnost AKK economy s.r.o. je akreditovan\u00e1 instituce Ministerstvem vnitra \u010cR pod \u010d\u00edslem akreditace AK\/I-23\/2021. Semin\u00e1\u0159e po dohod\u011b po\u0159\u00e1d\u00e1me tak\u00e9 p\u0159\u00edmo u V\u00e1s!\u00a0 Odpadaj\u00ed tak n\u00e1klady na dopravu a u\u0161et\u0159\u00edte V\u00e1\u0161 \u010das! \u010casov\u011b jsou p\u0159izp\u016fsobov\u00e1ny Va\u0161im mo\u017enostem. Semin\u00e1\u0159e [&hellip;]<\/p>\n","protected":false},"author":1,"featured_media":50,"parent":10,"menu_order":0,"comment_status":"closed","ping_status":"open","template":"","meta":{"footnotes":""},"_links":{"self":[{"href":"https:\/\/akkeconomy.cz\/index.php?rest_route=\/wp\/v2\/pages\/26"}],"collection":[{"href":"https:\/\/akkeconomy.cz\/index.php?rest_route=\/wp\/v2\/pages"}],"about":[{"href":"https:\/\/akkeconomy.cz\/index.php?rest_route=\/wp\/v2\/types\/page"}],"author":[{"embeddable":true,"href":"https:\/\/akkeconomy.cz\/index.php?rest_route=\/wp\/v2\/users\/1"}],"replies":[{"embeddable":true,"href":"https:\/\/akkeconomy.cz\/index.php?rest_route=%2Fwp%2Fv2%2Fcomments&post=26"}],"version-history":[{"count":2,"href":"https:\/\/akkeconomy.cz\/index.php?rest_route=\/wp\/v2\/pages\/26\/revisions"}],"predecessor-version":[{"id":2515,"href":"https:\/\/akkeconomy.cz\/index.php?rest_route=\/wp\/v2\/pages\/26\/revisions\/2515"}],"up":[{"embeddable":true,"href":"https:\/\/akkeconomy.cz\/index.php?rest_route=\/wp\/v2\/pages\/10"}],"wp:featuredmedia":[{"embeddable":true,"href":"https:\/\/akkeconomy.cz\/index.php?rest_route=\/wp\/v2\/media\/50"}],"wp:attachment":[{"href":"https:\/\/akkeconomy.cz\/index.php?rest_route=%2Fwp%2Fv2%2Fmedia&parent=26"}],"curies":[{"name":"wp","href":"https:\/\/api.w.org\/{rel}","templated":true}]}}