{"id":28,"date":"2013-09-23T10:08:46","date_gmt":"2013-09-23T10:08:46","guid":{"rendered":"http:\/\/akkeconomy.cz\/?page_id=28"},"modified":"2023-03-22T10:26:07","modified_gmt":"2023-03-22T10:26:07","slug":"online-prihlaska","status":"publish","type":"page","link":"https:\/\/akkeconomy.cz\/?page_id=28","title":{"rendered":"P\u0159ihl\u00e1\u0161ka semin\u00e1\u0159"},"content":{"rendered":"\n<div class=\"wpcf7 no-js\" id=\"wpcf7-f4-o1\" lang=\"cs-CZ\" dir=\"ltr\">\n<div class=\"screen-reader-response\"><p role=\"status\" aria-live=\"polite\" aria-atomic=\"true\"><\/p> <ul><\/ul><\/div>\n<form action=\"\/index.php?rest_route=%2Fwp%2Fv2%2Fpages%2F28#wpcf7-f4-o1\" method=\"post\" class=\"wpcf7-form init\" aria-label=\"Kontaktn\u00ed formul\u00e1\u0159\" novalidate=\"novalidate\" data-status=\"init\">\n<div style=\"display: none;\">\n<input type=\"hidden\" name=\"_wpcf7\" value=\"4\" \/>\n<input type=\"hidden\" name=\"_wpcf7_version\" value=\"5.9.8\" \/>\n<input type=\"hidden\" name=\"_wpcf7_locale\" value=\"cs_CZ\" \/>\n<input type=\"hidden\" name=\"_wpcf7_unit_tag\" value=\"wpcf7-f4-o1\" \/>\n<input type=\"hidden\" name=\"_wpcf7_container_post\" value=\"0\" \/>\n<input type=\"hidden\" name=\"_wpcf7_posted_data_hash\" value=\"\" \/>\n<\/div>\n<p>Titul, jm\u00e9no a p\u0159\u00edjmen\u00ed \u00fa\u010dastn\u00edka: (vy\u017eadov\u00e1no)\n<\/p>\n<p><span class=\"wpcf7-form-control-wrap\" data-name=\"jname\"><input size=\"40\" maxlength=\"400\" class=\"wpcf7-form-control wpcf7-text wpcf7-validates-as-required\" aria-required=\"true\" aria-invalid=\"false\" value=\"\" type=\"text\" name=\"jname\" \/><\/span>\n<\/p>\n<p>Funkce:\n<\/p>\n<p><span class=\"wpcf7-form-control-wrap\" data-name=\"funkce\"><input size=\"40\" maxlength=\"400\" class=\"wpcf7-form-control wpcf7-text\" aria-invalid=\"false\" value=\"\" type=\"text\" name=\"funkce\" \/><\/span>\n<\/p>\n<p>Datum narozen\u00ed: (vy\u017eadov\u00e1no)\n<\/p>\n<table>\n\t<tr>\n\t\t<td>\n\t\t\t<p><span class=\"wpcf7-form-control-wrap\" data-name=\"nar-den\"><input class=\"wpcf7-form-control wpcf7-number wpcf7-validates-as-required wpcf7-validates-as-number\" min=\"1\" max=\"31\" aria-required=\"true\" aria-invalid=\"false\" value=\"1\" type=\"number\" name=\"nar-den\" \/><\/span>\n\t\t\t<\/p>\n\t\t<\/td>\n\t\t<td>\n\t\t\t<p><span class=\"wpcf7-form-control-wrap\" data-name=\"nar-mes\"><input class=\"wpcf7-form-control wpcf7-number wpcf7-validates-as-required wpcf7-validates-as-number\" min=\"1\" max=\"12\" aria-required=\"true\" aria-invalid=\"false\" value=\"1\" type=\"number\" name=\"nar-mes\" \/><\/span>\n\t\t\t<\/p>\n\t\t<\/td>\n\t\t<td>\n\t\t\t<p><span class=\"wpcf7-form-control-wrap\" data-name=\"nar-rok\"><input class=\"wpcf7-form-control wpcf7-number wpcf7-validates-as-required wpcf7-validates-as-number\" min=\"1900\" max=\"2013\" aria-required=\"true\" aria-invalid=\"false\" value=\"2013\" type=\"number\" name=\"nar-rok\" \/><\/span>\n\t\t\t<\/p>\n\t\t<\/td>\n\t<\/tr>\n<\/table>\n<p>M\u00edsto narozen\u00ed: (vy\u017eadov\u00e1no)\n<\/p>\n<p><span class=\"wpcf7-form-control-wrap\" data-name=\"misto\"><input size=\"40\" maxlength=\"400\" class=\"wpcf7-form-control wpcf7-text wpcf7-validates-as-required\" aria-required=\"true\" aria-invalid=\"false\" value=\"\" type=\"text\" name=\"misto\" \/><\/span>\n<\/p>\n<p>E-mail: (vy\u017eadov\u00e1no) - na tento e-mail V\u00e1m mus\u00ed p\u0159ij\u00edt potvrzen\u00ed registrace. V opa\u010dn\u00e9m p\u0159\u00edpad\u011b pe\u010dliv\u011b opakujte registraci.\n<\/p>\n<p><span class=\"wpcf7-form-control-wrap\" data-name=\"eadresa\"><input size=\"40\" maxlength=\"400\" class=\"wpcf7-form-control wpcf7-email wpcf7-validates-as-required wpcf7-text wpcf7-validates-as-email\" aria-required=\"true\" aria-invalid=\"false\" value=\"\" type=\"email\" name=\"eadresa\" \/><\/span>\n<\/p>\n<p>Telefon: (vy\u017eadov\u00e1no)\n<\/p>\n<p><span class=\"wpcf7-form-control-wrap\" data-name=\"telefon\"><input size=\"40\" maxlength=\"400\" class=\"wpcf7-form-control wpcf7-text wpcf7-validates-as-required\" aria-required=\"true\" aria-invalid=\"false\" value=\"\" type=\"text\" name=\"telefon\" \/><\/span>\n<\/p>\n<p>Datum akce: (vy\u017eadov\u00e1no)\n<\/p>\n<table>\n\t<tr>\n\t\t<td>\n\t\t\t<p><span class=\"wpcf7-form-control-wrap\" data-name=\"akce-den\"><input class=\"wpcf7-form-control wpcf7-number wpcf7-validates-as-required wpcf7-validates-as-number\" min=\"1\" max=\"31\" aria-required=\"true\" aria-invalid=\"false\" value=\"1\" type=\"number\" name=\"akce-den\" \/><\/span>\n\t\t\t<\/p>\n\t\t<\/td>\n\t\t<td>\n\t\t\t<p><span class=\"wpcf7-form-control-wrap\" data-name=\"akce-mes\"><input class=\"wpcf7-form-control wpcf7-number wpcf7-validates-as-required wpcf7-validates-as-number\" min=\"1\" max=\"12\" aria-required=\"true\" aria-invalid=\"false\" value=\"1\" type=\"number\" name=\"akce-mes\" \/><\/span>\n\t\t\t<\/p>\n\t\t<\/td>\n\t\t<td>\n\t\t\t<p><span class=\"wpcf7-form-control-wrap\" data-name=\"akce-rok\"><input class=\"wpcf7-form-control wpcf7-number wpcf7-validates-as-required wpcf7-validates-as-number\" min=\"2021\" max=\"2026\" aria-required=\"true\" aria-invalid=\"false\" value=\"2026\" type=\"number\" name=\"akce-rok\" \/><\/span>\n\t\t\t<\/p>\n\t\t<\/td>\n\t<\/tr>\n<\/table>\n<p>Faktura\u010dn\u00ed \u00fadaje:\n<\/p>\n<p>N\u00e1zev organizace: (vy\u017eadov\u00e1no)\n<\/p>\n<p><span class=\"wpcf7-form-control-wrap\" data-name=\"organizace\"><input size=\"40\" maxlength=\"400\" class=\"wpcf7-form-control wpcf7-text wpcf7-validates-as-required\" aria-required=\"true\" aria-invalid=\"false\" value=\"\" type=\"text\" name=\"organizace\" \/><\/span>\n<\/p>\n<p>Ulice a \u010d\u00edslo: (vy\u017eadov\u00e1no)\n<\/p>\n<p><span class=\"wpcf7-form-control-wrap\" data-name=\"adresa\"><input size=\"40\" maxlength=\"400\" class=\"wpcf7-form-control wpcf7-text wpcf7-validates-as-required\" aria-required=\"true\" aria-invalid=\"false\" value=\"\" type=\"text\" name=\"adresa\" \/><\/span>\n<\/p>\n<p>M\u011bsto: (vy\u017eadov\u00e1no)\n<\/p>\n<p><span class=\"wpcf7-form-control-wrap\" data-name=\"mesto\"><input size=\"40\" maxlength=\"400\" class=\"wpcf7-form-control wpcf7-text wpcf7-validates-as-required\" aria-required=\"true\" aria-invalid=\"false\" value=\"\" type=\"text\" name=\"mesto\" \/><\/span>\n<\/p>\n<p>PS\u010c: (vy\u017eadov\u00e1no)\n<\/p>\n<p><span class=\"wpcf7-form-control-wrap\" data-name=\"psc\"><input size=\"40\" maxlength=\"400\" class=\"wpcf7-form-control wpcf7-text wpcf7-validates-as-required\" aria-required=\"true\" aria-invalid=\"false\" value=\"\" type=\"text\" name=\"psc\" \/><\/span>\n<\/p>\n<p>I\u010cO: (vy\u017eadov\u00e1no)\n<\/p>\n<p><span class=\"wpcf7-form-control-wrap\" data-name=\"ico\"><input size=\"40\" maxlength=\"400\" class=\"wpcf7-form-control wpcf7-text wpcf7-validates-as-required\" aria-required=\"true\" aria-invalid=\"false\" value=\"\" type=\"text\" name=\"ico\" \/><\/span>\n<\/p>\n<p>DI\u010c:\n<\/p>\n<p><span class=\"wpcf7-form-control-wrap\" data-name=\"dic\"><input size=\"40\" maxlength=\"400\" class=\"wpcf7-form-control wpcf7-text\" aria-invalid=\"false\" value=\"\" type=\"text\" name=\"dic\" \/><\/span>\n<\/p>\n<p>\u010c\u00edslo slevov\u00e9ho kup\u00f3nu:\n<\/p>\n<p><span class=\"wpcf7-form-control-wrap\" data-name=\"sleva\"><input size=\"40\" maxlength=\"400\" class=\"wpcf7-form-control wpcf7-text\" aria-invalid=\"false\" value=\"\" type=\"text\" name=\"sleva\" \/><\/span>\n<\/p>\n<p>Pozn\u00e1mky:\n<\/p>\n<p><span class=\"wpcf7-form-control-wrap\" data-name=\"your-message\"><textarea cols=\"40\" rows=\"10\" maxlength=\"2000\" class=\"wpcf7-form-control wpcf7-textarea\" aria-invalid=\"false\" name=\"your-message\"><\/textarea><\/span>\n<\/p>\n<p><br \/>\n<span class=\"wpcf7-form-control-wrap\" data-name=\"acceptance-206\"><span class=\"wpcf7-form-control wpcf7-acceptance\"><span class=\"wpcf7-list-item\"><input type=\"checkbox\" name=\"acceptance-206\" value=\"1\" checked=\"checked\" aria-invalid=\"false\" \/><\/span><\/span><\/span> Souhlas\u00edm s <a href=\"http:\/\/akkeconomy.cz\/wp-content\/uploads\/2020\/11\/Podminky-ucastni-na-seminari-u-spolecnosti-AKK-economy-s.r.o..pdf.pdf\" target=\"_blank\">Podm\u00ednkami \u00fa\u010dasti na semin\u00e1\u0159i a n\u00e1kupu videosemin\u00e1\u0159e<\/a> spole\u010dnosti AKK economy s.r.o., se kter\u00fdmi jsem se sezn\u00e1mil\/a, a jsem s nimi pln\u011b srozum\u011bn\/a.\n<\/p>\n<p><br \/>\n<span class=\"wpcf7-form-control-wrap\" data-name=\"acceptance-194\"><span class=\"wpcf7-form-control wpcf7-acceptance\"><span class=\"wpcf7-list-item\"><input type=\"checkbox\" name=\"acceptance-194\" value=\"1\" checked=\"checked\" aria-invalid=\"false\" \/><\/span><\/span><\/span> Souhlas\u00edm s <a href=\"http:\/\/akkeconomy.cz\/wp-content\/uploads\/2018\/04\/Pravidla-ochrany-osobn\u00edch-\u00fadaj\u016f.pdf\" target=\"_blank\">Pravidly ochrany osobn\u00edch \u00fadaj\u016f<\/a> spole\u010dnosti AKK economy s.r.o., se kter\u00fdmi jsem se sezn\u00e1mil\/a, a jsem s nimi pln\u011b srozum\u011bn\/a.. (AKK economy s.r.o. m\u016f\u017ee uveden\u00e9 kontakty vyu\u017e\u00edt pro pot\u0159eby \u0161\u00ed\u0159en\u00ed obchodn\u00edch sd\u011blen\u00ed dle z\u00e1kona \u010d. 480\/2004 Sb., v platn\u00e9m zn\u011bn\u00ed, o n\u011bkter\u00fdch slu\u017eb\u00e1ch informa\u010dn\u00ed spole\u010dnosti, a to dle Pravidel ochrany osobn\u00edch \u00fadaj\u016f spole\u010dnosti.)\n<\/p>\n<p><input class=\"wpcf7-form-control wpcf7-submit has-spinner\" type=\"submit\" value=\"Odeslat\" \/>\n<\/p><div class=\"wpcf7-response-output\" aria-hidden=\"true\"><\/div>\n<\/form>\n<\/div>\n\n<p>Zp\u016fsob \u00fahrady: Pouze p\u0159evodem z \u00fa\u010dtu.<\/p>\n<p>Po p\u0159ihl\u00e1\u0161en\u00ed obdr\u017e\u00edte z\u00e1lohovou fakturu nebo fakturu s uveden\u00edm variabiln\u00edho symbolu a dal\u0161\u00edmi pot\u0159ebn\u00fdmi \u00fadaji k \u00fahrad\u011b.<\/p>\n<p>Sleva bude vy\u010d\u00edslena na z\u00e1lohov\u00e9 faktu\u0159e. Pro kone\u010dn\u00e9 p\u0159izn\u00e1n\u00ed slevy je nutno origin\u00e1l slevov\u00e9ho kup\u00f3nu p\u0159edlo\u017eit p\u0159i prezenci semin\u00e1\u0159e.<\/p>\n<p>Prohla\u0161uji, \u017ee jsem se sezn\u00e1mil(a) s obsahov\u00fdm zam\u011b\u0159en\u00edm a organiza\u010dn\u00edmi podm\u00ednkami vzd\u011bl\u00e1vac\u00ed akce a z\u00e1rove\u0148 beru na v\u011bdom\u00ed, \u017ee p\u0159\u00edpadn\u00e9 p\u0159ek\u00e1\u017eky na m\u00e9 stran\u011b, je\u017e by mi znemo\u017enily \u0159\u00e1dnou \u00fa\u010dast na vzd\u011bl\u00e1vac\u00ed akci, nejsou d\u016fvodem pro navr\u00e1cen\u00ed vlo\u017en\u00e9ho.<\/p>\n<p>Souhlas\u00edm se shroma\u017e\u010fov\u00e1n\u00edm a pou\u017eit\u00edm osobn\u00edch \u00fadaj\u016f uveden\u00fdch v p\u0159ihl\u00e1\u0161ce<br \/>\nv souladu se z\u00e1konem o ochran\u011b osobn\u00edch \u00fadaj\u016f \u010d. 101\/2000 Sb., a to pro n\u00e1sleduj\u00edc\u00ed \u00fa\u010dely: jedn\u00e1n\u00ed o smluvn\u00edm vztahu, pln\u011bn\u00ed smlouvy uzav\u0159en\u00e9 oznamovatelem a nab\u00edzen\u00ed obchodu slu\u017eeb subjekt\u016fm \u00fadaj\u016f.<\/p>\n<p>Va\u0161e p\u0159ihl\u00e1\u0161ka je z\u00e1vaznou objedn\u00e1vkou, p\u0159i ne\u00fa\u010dasti zaregistrovan\u00e9ho (nebo jeho n\u00e1hradn\u00edka) \u00fa\u010dastnick\u00fd poplatek nevrac\u00edme ani nelze objedn\u00e1vku stornovat. \u00da\u010dastnick\u00fd poplatek vrac\u00edme pouze v p\u0159\u00edpad\u011b p\u00edsemn\u00e9ho zru\u0161en\u00ed (emailem nebo po\u0161tou) alespo\u0148 3 pracovn\u00ed dny p\u0159ed kon\u00e1n\u00edm semin\u00e1\u0159e.<\/p>\n<p>Obsah semin\u00e1\u0159e \u010di videosemin\u00e1\u0159e a souvisej\u00edc\u00edch podkladov\u00fdch materi\u00e1l\u016f je p\u0159edm\u011btem ochrany du\u0161evn\u00edho vlastnictv\u00ed dle autorsk\u00e9ho z\u00e1kona a nelze je bez p\u00edsemn\u00e9ho souhlasu spole\u010dnosti d\u00e1le \u0161\u00ed\u0159it, prod\u00e1vat, kop\u00edrovat, postupovat nebo zp\u0159\u00edstup\u0148ovat t\u0159et\u00edm osob\u00e1m. Licence videosemin\u00e1\u0159e je ur\u010dena jedn\u00e9 osob\u011b ke t\u0159em p\u0159ehr\u00e1vk\u00e1m. Zak\u00e1zan\u00e9 jsou hromadn\u00e9 projekce, p\u0159i\u010dem\u017e za hromadnou projekci se pova\u017euje sledov\u00e1n\u00ed videosemin\u00e1\u0159e v\u00edce jak jednou osobou. Dojde-li k\u00a0poru\u0161en\u00ed autorsk\u00fdch pr\u00e1v, bude videosemin\u00e1\u0159 bez jak\u00e9koli n\u00e1hrady zablokov\u00e1n a v\u011bc \u0159e\u0161ena pr\u00e1vn\u00ed cestou.<\/p>\n<p style=\"text-align: justify;\">\n","protected":false},"excerpt":{"rendered":"<p>Zp\u016fsob \u00fahrady: Pouze p\u0159evodem z \u00fa\u010dtu. Po p\u0159ihl\u00e1\u0161en\u00ed obdr\u017e\u00edte z\u00e1lohovou fakturu nebo fakturu s uveden\u00edm variabiln\u00edho symbolu a dal\u0161\u00edmi pot\u0159ebn\u00fdmi \u00fadaji k \u00fahrad\u011b. Sleva bude vy\u010d\u00edslena na z\u00e1lohov\u00e9 faktu\u0159e. Pro kone\u010dn\u00e9 p\u0159izn\u00e1n\u00ed slevy je nutno origin\u00e1l slevov\u00e9ho kup\u00f3nu p\u0159edlo\u017eit p\u0159i prezenci semin\u00e1\u0159e. Prohla\u0161uji, \u017ee jsem se sezn\u00e1mil(a) s obsahov\u00fdm zam\u011b\u0159en\u00edm a organiza\u010dn\u00edmi podm\u00ednkami vzd\u011bl\u00e1vac\u00ed akce [&hellip;]<\/p>\n","protected":false},"author":1,"featured_media":0,"parent":26,"menu_order":0,"comment_status":"closed","ping_status":"open","template":"","meta":{"footnotes":""},"_links":{"self":[{"href":"https:\/\/akkeconomy.cz\/index.php?rest_route=\/wp\/v2\/pages\/28"}],"collection":[{"href":"https:\/\/akkeconomy.cz\/index.php?rest_route=\/wp\/v2\/pages"}],"about":[{"href":"https:\/\/akkeconomy.cz\/index.php?rest_route=\/wp\/v2\/types\/page"}],"author":[{"embeddable":true,"href":"https:\/\/akkeconomy.cz\/index.php?rest_route=\/wp\/v2\/users\/1"}],"replies":[{"embeddable":true,"href":"https:\/\/akkeconomy.cz\/index.php?rest_route=%2Fwp%2Fv2%2Fcomments&post=28"}],"version-history":[{"count":4,"href":"https:\/\/akkeconomy.cz\/index.php?rest_route=\/wp\/v2\/pages\/28\/revisions"}],"predecessor-version":[{"id":1714,"href":"https:\/\/akkeconomy.cz\/index.php?rest_route=\/wp\/v2\/pages\/28\/revisions\/1714"}],"up":[{"embeddable":true,"href":"https:\/\/akkeconomy.cz\/index.php?rest_route=\/wp\/v2\/pages\/26"}],"wp:attachment":[{"href":"https:\/\/akkeconomy.cz\/index.php?rest_route=%2Fwp%2Fv2%2Fmedia&parent=28"}],"curies":[{"name":"wp","href":"https:\/\/api.w.org\/{rel}","templated":true}]}}